 digit of a(-4)?
7
Let y = -3 + 5. Let r = 4 + y. What is the units digit of 3/1*16/r?
8
Let p = -2 - 3. Let l(m) be the second derivative of m**5/20 + 5*m**4/12 - m**3/6 + 2*m**2 - m. What is the units digit of l(p)?
9
Suppose -2 = 4*f - 54. What is the units digit of f?
3
Let b(h) = h**3 - 4*h**2 - 5*h + 3. What is the units digit of b(5)?
3
Let y(j) = -j**2 + j - 3. Let s be y(6). Let t = -18 - s. What is the tens digit of t?
1
What is the tens digit of -1*726/(-4)*(-64)/(-48)?
4
Let z(o) = 2*o**2 + 4*o + 2. Suppose 5*b + n = -0*n - 11, 5*n - 29 = 3*b. Let t be z(b). Let l = -6 + t. What is the units digit of l?
2
Suppose z = -2*z + t - 7, -5*t + 25 = -5*z. Let v(f) = -f. Let i(x) = -3*x**2 - 6*x - 1. Let b(a) = -i(a) + 6*v(a). What is the units digit of b(z)?
4
Let q = -14 + 21. Let l = 30 - q. What is the tens digit of l?
2
Suppose 4*n - n = 27. Suppose 1 - n = -2*c. Let p = 5 - c. What is the units digit of p?
1
Suppose -9*y + 5*y = -80. What is the units digit of y?
0
Suppose 11 + 13 = -3*g. Suppose 70 = -3*h - 4*h. Let v = g - h. What is the units digit of v?
2
Suppose -11 + 179 = 2*f. What is the units digit of f?
4
Let t be 14*(48/21 + 2). Let z = -43 + t. What is the tens digit of z?
1
Let r(x) = 3*x - 6. Let b be r(4). Suppose h + 35 = b*h. What is the units digit of h?
7
Let t be -5*(12/10)/(-3). Suppose -t*x + 0*x + 8 = 0. What is the units digit of x?
4
Let q = -106 - -262. What is the tens digit of q?
5
Suppose 0 = 3*h + 4*t + 4, -3*h - 2 = 3*t + 2*t. Let l = h - -5. What is the units digit of l?
1
Let s be (-20)/(-6)*(-12)/(-5). Suppose 0 = 8*b - 7*b - 3. Suppose -s*i + 95 = -b*i. What is the units digit of i?
9
What is the tens digit of 9/27 - 244/(-6)?
4
Let g(z) = -3*z**3 + 13*z**2 - 9*z - 11. Let r(x) = 4*x**3 - 14*x**2 + 10*x + 10. Let d(y) = 3*g(y) + 2*r(y). What is the units digit of d(10)?
7
Let a = 13 + 0. Let v(s) = 2*s + 5. What is the tens digit of v(a)?
3
Let j be 10 + 4/((-4)/2). Suppose -f + j = -5*f. What is the units digit of 0 - -6*f/(-3)?
4
Suppose -l = 3*u + 2 - 13, 3*u + 5*l = 31. Let n be -5 + (0 + -2)/u. What is the units digit of 4/6 + (-20)/n?
4
Suppose 0 = 2*y - y - 38. What is the tens digit of y?
3
Let x(j) = j**2 + j - 3. Let w be x(4). Suppose -s - 15 = -3*s - 5*n, -2*s - 3*n + w = 0. What is the tens digit of s?
1
Let a(f) = -f + 4. Suppose -3*u - 4 - 11 = 0. What is the units digit of a(u)?
9
Let l = 7 + -4. Suppose -15 = 3*v + 2*v, -2*v + 60 = l*h. What is the units digit of h?
2
Let m = -4 - -8. Let l be -1*(-1 - (1 + -2)). Suppose l = -m*n - n + 45. What is the units digit of n?
9
Let a = 53 + 41. What is the tens digit of a?
9
Suppose 5*b + 11 - 126 = 0. Suppose b = 5*n - 42. What is the tens digit of n?
1
Let i = 93 + -22. What is the units digit of i?
1
Suppose -4*b + 3*l + 64 = -35, 4*l + 41 = b. Let u = -6 + b. What is the units digit of u?
5
Suppose 102 = 3*v + 5*q, 5*v + 2*q = 49 + 102. What is the units digit of v?
9
What is the units digit of 1/1 + (37 - 14)?
4
What is the tens digit of (-64)/80*(-190)/4?
3
Suppose -5*d = -5*p - 890, 0*d + 4*p + 352 = 2*d. Suppose b - 7*b + d = 0. What is the units digit of b?
0
Let l(y) = -y - 4. Let j be l(-4). Suppose 4 + 2 = -2*v, -2*g - 3*v - 51 = j. Let s = g + 35. What is the tens digit of s?
1
Suppose 0 = -2*f - 5*w + 21, w + 3 = -2. What is the tens digit of f?
2
What is the units digit of (-702)/(-15) - (-2)/10?
7
Let t(l) = -l + 2. Let b be t(0). Let f(i) = -i**3 - 2*i**2 + i + 4. Let m be f(-3). Suppose b*j - j + m = u, -3 = j. What is the units digit of u?
7
Let v = -38 + 68. What is the units digit of v?
0
Let s(d) = 4*d**2 - 16*d + 20. What is the units digit of s(7)?
4
Suppose z - 36 = -z. Suppose d = 3*d - z. What is the units digit of d?
9
What is the units digit of 12/20 + (-2635)/(-25)?
6
Suppose 0 = i - 6*i + 5, -4*d + 497 = -3*i. What is the hundreds digit of d?
1
Suppose o - 10 = -4*o. Suppose 5*h - 13 = o. What is the units digit of h?
3
Let b(w) = w**2 - 2*w + 1. Let v be b(1). Suppose -g + 13 = -v*g. What is the units digit of g?
3
Let p = 13 + -19. What is the units digit of (2 - (-3)/p)*6?
9
Let n = 124 - 67. Let p = 99 + -140. Let o = n + p. What is the tens digit of o?
1
Let y(b) = -b**2 - b - 1. Let m be y(-6). Let g = m + 55. What is the tens digit of g?
2
Let z(b) = b**2 + 8*b - 2. Let u be z(-8). What is the units digit of ((-20)/8 + 2)*u?
1
Let w = -13 + 16. Suppose 0 = w*p - 28 - 5. What is the units digit of p?
1
Suppose -v = -4*m - m + 7, 4*v = 4*m + 4. Suppose -o - 17 = -v*d, 3*o - 12 = -4*d - o. Let t(a) = a + 4. What is the units digit of t(d)?
9
Let i = 99 + -64. Suppose -5*a + z + i = 0, -6*z = -5*a - z + 55. Suppose -41 = -3*l - 2*g, 2*l + 55 = a*l + 3*g. What is the units digit of l?
3
Let a be 12/(-5) - 6/(-15). Let s(o) = -o**2 - 2*o - 3. Let r be s(a). What is the units digit of -3*(-2 + (-2)/r)?
4
Suppose 5*o = 5*l, -4*l = -l + 2*o. Suppose 5*k = 10, l = q - 5*k - 1 + 8. What is the units digit of q?
3
Let g(m) = -3*m**2 - m - 1. Let n be g(-1). What is the tens digit of (-70)/3*n/2?
3
Suppose 1 = f - 3. Suppose -2*l - 4*s = f, 2*l - 3*s + s = 26. What is the units digit of l?
8
Suppose 5*a - 23 = -8. Suppose a*z - 8 = 1. Suppose 2*n - z = -n. What is the units digit of n?
1
Suppose -5*d + 0*d + 5*a = -80, 44 = 2*d - 5*a. Suppose -3*y = 4*l - 32 - d, 6 = 3*l. What is the units digit of y?
2
Suppose -4*g + 2*r + 26 = 0, 0 = -g - 4*r + r - 11. Suppose 0 = d + 2*d. Let q = g + d. What is the units digit of q?
4
What is the units digit of 38 + 12/(-4) + -1?
4
Suppose -45*v = -43*v - 134. What is the tens digit of v?
6
What is the units digit of (87/2)/(-1)*(-16)/12?
8
Let o(u) = 3*u + u - 7 - u**2 + 2*u**2. Let h be o(-5). What is the units digit of -1 - -7*1 - h?
8
Let v be (2*9)/(9/6). Let o be -1*2 + 0 + v. Suppose 0 = 2*h + 2 - o. What is the units digit of h?
4
Let i = 9 - -19. What is the tens digit of i?
2
Let b(c) = c + 4. Let f be b(-5). Let l be (5/3 + f)*-3. What is the units digit of l/(-4) + 10/4?
3
Let i(w) = -w**3 + 5*w**2 - 2*w - 4. Suppose -v = v. Suppose b + 3*b + 5*u - 17 = v, 5*b - 5*u - 10 = 0. What is the units digit of i(b)?
8
Let w(n) = -9*n**2 + 3*n**3 + 3 + 0*n - 4*n**3 + n. Let d be w(-9). What is the units digit of 26/7 - d/21?
4
Let l = 1 - 1. Let a = l + 1. What is the units digit of 1 - (-1 + a) - -9?
0
Suppose l - 623 = -l + m, 5*m - 954 = -3*l. What is the units digit of l?
3
Suppose -4*a - 69 = -5*a. Let v = -113 + a. Let n = 62 + v. What is the tens digit of n?
1
What is the units digit of 394/26 + (-22)/143?
5
Let i(k) = -3*k**3 + 3*k**2 + 2*k - 7. Let j(x) = x**3 + x**2 + 1. Let z(r) = i(r) + 2*j(r). Let p be z(5). Suppose 4*c = p*c - 20. What is the tens digit of c?
2
Suppose -4*z + 3*z = -13. Suppose -4*g - 22 + 2 = 0. Let q = g + z. What is the units digit of q?
8
Let i(f) = -f**3 - 8*f**2 - 8*f + 3. Suppose b = 3*b + 14. What is the units digit of i(b)?
0
Suppose -3*u + 210 = -3*l, -7*u - 4*l + 256 = -3*u. What is the units digit of u?
7
Let h = 33 + -20. What is the tens digit of h?
1
Let f(j) = 4*j**3 + 2*j**2 + j - 2. What is the hundreds digit of f(3)?
1
Let n(a) = a - 12. Let h = -24 - -34. Let l be n(h). Let j(q) = q**2 + 3*q + 3. What is the units digit of j(l)?
1
Let r = 0 + 4. Suppose r*v = v + 24. What is the units digit of v?
8
Let v(w) = -w**3 + 2*w**2 + 3*w + 3. Let s be v(-3). Suppose 0 = 5*l - s - 1. What is the units digit of l?
8
Let h be (-3)/(-12) + 21/12. Suppose 2*j + 2 = -2*r, h*r + 17 - 3 = 4*j. Suppose 2*l = -j + 20. What is the units digit of l?
9
Suppose 5*l - 104 = 111. What is the tens digit of l?
4
Let d = -172 + 304. What is the hundreds digit of d?
1
Suppose 4 = 2*r, -r = -5*j + r + 6. Suppose -4*q + 5*f + 29 = 0, f + 25 = j*q + 2*f. What is the units digit of q?
1
Let s(y) = 2*y - 4. Let n(j) = j**3 + 3*j**2 + 3*j + 4. Let b be n(-3). Let w = b + 9. What is the units digit of s(w)?
4
Suppose -10*y + 1284 = -6*y. What is the tens digit of y?
2
Let c = 0 - -5. Suppose 3*s - 2*s = c. What is the units digit of s?
5
Let h(l) = -l**3 - l**2 - 2*l - 1. Let v be (-3)/(-9) + (-8)/6. Let p be h(v). Suppose u = -0 + p. What is the units digit of u?
1
Let t(f) = 2*f**2 + 19*f + 11. Let r(d) = -d**2 - 9*d - 5. Let p(v) = v - 3. Let n be p(-3